True
Is 2164 a multiple of 37?
False
Does 31 divide 27026?
False
Is 5679 a multiple of 3?
True
Does 21 divide 849?
False
Does 10 divide 36986?
False
Does 28 divide 2268?
True
Is 962 a multiple of 37?
True
Does 12 divide 30804?
True
Is 3156 a multiple of 39?
False
Is 112 a multiple of 10?
False
Is 10 a factor of 61590?
True
Is 255 a multiple of 11?
False
Is 9210 a multiple of 6?
True
Is 33 a factor of 34062?
False
Is 98 a factor of 2254?
True
Is 1930 a multiple of 26?
False
Is 40 a multiple of 10?
True
Does 8 divide 968?
True
Is 8660 a multiple of 20?
True
Is 75 a factor of 42283?
False
Is 78 a factor of 468?
True
Does 174 divide 7371?
False
Is 23398 a multiple of 34?
False
Does 19 divide 102846?
False
Is 29822 a multiple of 62?
True
Does 3 divide 69?
True
Does 13 divide 48263?
False
Does 48 divide 38049?
False
Is 88 a multiple of 7?
False
Does 12 divide 180?
True
Is 819 a multiple of 13?
True
Is 95 even?
False
Is 58 a factor of 12495?
False
Does 32 divide 318?
False
Is 13 a factor of 494?
True
Does 56 divide 5152?
True
Is 658 a multiple of 7?
True
Is 39 a factor of 680?
False
Is 2535 a multiple of 39?
True
Does 7 divide 88?
False
Is 38432 a multiple of 32?
True
Is 893 a multiple of 86?
False
Is 1830 a multiple of 15?
True
Is 26 a factor of 5210?
False
Is 5417 a multiple of 9?
False
Does 28 divide 1439?
False
Is 23 a factor of 2369?
True
Is 83 a factor of 1796?
False
Is 16504 a multiple of 139?
False
Does 148 divide 30340?
True
Is 11 a factor of 3036?
True
Is 46 a factor of 92?
True
Does 5 divide 26550?
True
Does 73 divide 20951?
True
Does 15 divide 1885?
False
Does 2 divide 626?
True
Does 3 divide 108?
True
Is 2 a factor of 1628?
True
Is 72780 a multiple of 20?
True
Does 8 divide 832?
True
Does 6 divide 5124?
True
Does 5 divide 1787?
False
Does 17 divide 374?
True
Does 14 divide 308?
True
Does 2 divide 193?
False
Does 37 divide 1776?
True
Is 7 a factor of 4893?
True
Does 8 divide 1576?
True
Is 33709 a multiple of 31?
False
Does 15 divide 6332?
False
Is 58 a factor of 1641?
False
Is 1885 a multiple of 65?
True
Is 5459 a multiple of 10?
False
Does 38 divide 983?
False
Is 19 a factor of 8436?
True
Is 151644 a multiple of 12?
True
Is 1551 a multiple of 8?
False
Does 26 divide 426?
False
Is 262 a multiple of 6?
False
Is 16 a factor of 1207?
False
Is 65060 a multiple of 20?
True
Is 52 a factor of 1144?
True
Is 30 a factor of 1636?
False
Does 23 divide 4462?
True
Is 15 a factor of 19213?
False
Is 7 a factor of 204?
False
Is 5 a factor of 15484?
False
Does 94 divide 4703?
False
Is 25241 a multiple of 33?
False
Is 9003 a multiple of 41?
False
Is 52 a factor of 3640?
True
Is 570 a multiple of 15?
True
Does 263 divide 45815?
False
Is 48 a factor of 965?
False
Is 79 a multiple of 4?
False
Is 48 a factor of 2356?
False
Is 86603 a multiple of 20?
False
Does 43 divide 371?
False
Is 15 a factor of 13845?
True
Is 6101 a multiple of 159?
False
Is 8190 a multiple of 30?
True
Does 135 divide 21060?
True
Is 10452 a multiple of 9?
False
Is 11 a factor of 3762?
True
Is 20 a factor of 3520?
True
Is 10678 a multiple of 19?
True
Is 41154 a multiple of 57?
True
Is 155 even?
False
Is 532 a multiple of 14?
True
Does 10 divide 266?
False
Does 13 divide 468?
True
Is 2 a factor of 3055?
False
Does 10 divide 2062?
False
Is 16032 a multiple of 8?
True
Does 14 divide 504?
True
Is 60896 a multiple of 16?
True
Is 4 a factor of 1046?
False
Is 18705 a multiple of 145?
True
Is 32 a factor of 8992?
True
Is 188 a multiple of 29?
False
Is 8 a factor of 1282?
False
Does 5 divide 122?
False
Does 41 divide 5587?
False
Does 24 divide 95?
False
Does 38 divide 12521?
False
Is 13 a factor of 65?
True
Does 20 divide 61540?
True
Is 6 a factor of 2922?
True
Is 49 a factor of 6125?
True
Is 1983 a multiple of 32?
False
Does 30 divide 540?
True
Is 565 a multiple of 4?
False
Does 9 divide 6273?
True
Is 396 a multiple of 18?
True
Is 107 a factor of 4173?
True
Is 9 a factor of 76335?
False
Does 87 divide 156600?
True
Is 21033 a multiple of 27?
True
Is 35 a factor of 280?
True
Does 11 divide 11440?
True
Does 18 divide 414?
True
Does 94 divide 2350?
True
Is 11 a factor of 1089?
True
Is 13 a factor of 325?
True
Is 104 a factor of 1092?
False
Is 74 even?
True
Is 5 a factor of 250?
True
Is 21 a factor of 690?
False
Is 16 a factor of 16317?
False
Is 5 a factor of 358?
False
Does 21 divide 3745?
False
Is 52 a factor of 3744?
True
Does 21 divide 672?
True
Does 12 divide 30344?
False
Is 28 a factor of 252?
True
Is 32 a factor of 1248?
True
Is 8 a factor of 1610?
False
Is 572 a multiple of 11?
True
Is 31 a factor of 33208?
False
Is 119 a factor of 212?
False
Is 40 a factor of 520?
True
Is 231 a multiple of 3?
True
Is 13 a factor of 1298?
False
Is 45 a factor of 13680?
True
Is 50020 a multiple of 244?
True
Is 76 even?
True
Is 468 a multiple of 9?
True
Is 6138 a multiple of 22?
True
Is 77 a factor of 36592?
False
Does 43 divide 2656?
False
Does 10 divide 849?
False
Does 8 divide 2305?
False
Is 34825 a multiple of 175?
True
Does 44 divide 3388?
True
Is 105 a factor of 50400?
True
Does 25 divide 32872?
False
Is 194 a factor of 1023?
False
Does 31 divide 330?
False
Is 54281 a multiple of 31?
True
Is 1457 a multiple of 26?
False
Is 4017 a multiple of 72?
False
Is 63470 a multiple of 23?
False
Does 38 divide 384?
False
Is 4675 a multiple of 11?
True
Is 184 a multiple of 23?
True
Is 3 a factor of 3?
True
Does 14 divide 2737?
False
Does 17 divide 2358?
False
Does 9 divide 1098?
True
Is 1012 a multiple of 44?
True
Is 795 a multiple of 15?
True
Is 16 a factor of 976?
True
Does 32 divide 1523?
False
Does 21 divide 1292?
False
Is 7 a factor of 889?
True
Is 9 a factor of 2718?
True
Does 149 divide 64261?
False
Is 84 a factor of 59183?
False
Is 57 a factor of 1995?
True
Does 13 divide 1323?
False
Is 239 a multiple of 19?
False
Is 18 a factor of 1782?
True
Is 7222 a multiple of 14?
False
Is 22 a factor of 934?
False
Is 918 a multiple of 34?
True
Is 67 a factor of 1675?
True
Is 11 a factor of 7175?
False
Is 12 a factor of 7421?
False
Does 5 divide 589?
False
Is 13 a factor of 155028?
False
Is 4387 a multiple of 20?
False
Is 54 a factor of 162?
True
Is 21 a factor of 28341?
False
Does 13 divide 780?
True
Is 618 a multiple of 76?
False
Does 143 divide 48757?
False
Does 54 divide 1109?
False
Is 43 a factor of 1247?
True
Is 162 a multiple of 9?
True
Is 11172 a multiple of 38?
True
Is 1764 a multiple of 42?
True
Is 8 a factor of 1342?
False
Is 62 a multiple of 8?
False
Does 17 divide 11152?
True
Is 125 a factor of 6562?
False
Does 107 divide 38413?
True
Is 7761 a multiple of 20?
False
Does 27 divide 330?
False
Is 12 a factor of 276?
True
Is 6828 a multiple of 82?
False
Is 14 a multiple of 3?
False
Does 17 divide 957?
False
Is 4503 a multiple of 3?
True
Does 38 divide 30271?
False
Is 17 a factor of 35309?
True
Is 127 a factor of 35306?
True
Is 427 a multiple of 7?
True
Does 30 divide 6900?
True
Does 6 divide 410?
False
Does 13 divide 1222?
True
Is 33 a multiple of 33?
True
Does 16 divide 551?
False
Is 3 a factor of 107?
False
Does 62 divide 13640?
True
Is 31 a factor of 12308?
False
Is 1849 a multiple of 35?
False
Does 244 divide 19780?
False
Is 1047 a multiple of 10?
False
Is 527 a multiple of 17?
True
Is 4432 a multiple of 13?
False
Does 127 divide 18823?
False
Is 432 a multiple of 24?
True
Is 11398 a multiple of 139?
True
Is 16 a factor of 7728?
True
Is 83 a factor of 96363?
True
Is 33 a factor of 26749?
False
Is 11 a factor of 1397?
True
Is 2029 a multiple of 46?
False
Does 40 divide 674?
False
Is 4 a factor of 656?
True
Does 9 divide 227?
False
Is 16 a factor of 1857?
False
Is 7 a factor of 7847?
True
Is 768 a multiple of 48?
True
Is 12 a factor of 348?
True
Is 70 a factor of 22619?
False
Is 7 a factor of 28936?
False
Does 13 divide 49712?
True
Is 45200 a multiple of 40?
True
Is 66775 a multiple of 188?
False
Is 19 a factor of 96414?
False
Does 69 divide 28209?
False
Does 168 divide 38172?
False
Is 12436 a multiple of 4?
True
Is 3 a factor of 367?
False
Does 52 divide 13920?
False
Does 8 divide 320?
True
Is 11 a factor of 1234?
False
Does 32 divide 2432?
True
Is 1089 a multiple of 9?
True
Is 1041 a multiple of 3?
True
Does 20 divide 700?
True
Is 57 a factor of 1105?
False
Is 24 a factor of 617?
False
Is 154 even?
True
Does 